 is the greatest common divisor of 48 and x?
16
Suppose 0*p + 3*p - b - 45 = 0, 15 = p + 2*b. Let o be 943/7 - (-10)/35. What is the greatest common divisor of p and o?
15
Let j be 2/(-7)*(-14)/(-2) + 8. Suppose j*p + 5*p - 198 = 0. Calculate the highest common factor of 144 and p.
18
Let s be ((-32)/(-6))/((-6)/135*-5). What is the highest common divisor of 150 and s?
6
Let l(b) = 3 + 4*b - 5 + 5. Let t be l(6). Let v = 1 - -17. What is the greatest common factor of v and t?
9
Suppose 83*n + 21*n - 88504 = 0. Calculate the highest common divisor of n and 37.
37
Let g be 57/(-5 - 332/(-64)). Calculate the highest common factor of 16 and g.
16
Let i(d) = d + 3. Let f(n) = 19. Let u(j) = -f(j) + 2*i(j). Let k be (-33)/2*2/(-3). Let g be u(k). Calculate the greatest common divisor of 54 and g.
9
Let i = -141 - -143. Calculate the highest common divisor of 18 and i.
2
Suppose 8*n - 66 = -3*n. Calculate the greatest common divisor of 78 and n.
6
Suppose -9 = 2*c - 3*c. Suppose 8*o = -387 - 125. Let d = o - -127. What is the greatest common divisor of d and c?
9
Let r = -1130 + 1147. Calculate the greatest common divisor of 3 and r.
1
Let b(w) = -w**3 + 3*w**2 + 3*w + 3. Let t be b(-3). Suppose 0 = -h - 3*j + 29, 4*h - 58 = 3*j + 73. Calculate the highest common divisor of h and t.
16
Let u be 12/(-16) - (-1788)/16. Suppose 10*w = -41 + u. Let t be 36 - (1 - 0)/1. Calculate the greatest common factor of w and t.
7
Suppose 3*d + 2*f = -2*d + 2476, -3*f - 1494 = -3*d. Calculate the greatest common divisor of d and 62.
62
Let i(h) = -h**3 - 37*h**2 + 210*h + 8. Let d be i(-42). What is the highest common divisor of 1176 and d?
8
Let r be (-3)/2*(-186)/9. Let i = r - 43. Let o = i + 23. What is the greatest common divisor of o and 55?
11
Suppose 2 + 8 = 2*x, -786 = 3*g + 3*x. Let z = 574 + g. Let i = -127 + z. Calculate the greatest common divisor of 20 and i.
20
Let n be (28/21)/(2/6). Let v = n - 3. Calculate the highest common factor of v and 11.
1
Let r be (5 + -2)*(3 - 0). Let w(v) = -9*v - 3 - 4 + 7. Let a be w(-2). Calculate the highest common factor of r and a.
9
Let p be 2*6/(-8)*-2. Let c be 510/17 + (0 - 2). Let g be 3 - p - (0 - c). Calculate the greatest common divisor of g and 4.
4
Let z be (-10)/25 + (-1764)/(-35). Calculate the highest common factor of 425 and z.
25
Suppose 6*s - 2*s - 4*o + 240 = 0, -2*s - 2*o - 104 = 0. Let p = s + 101. What is the highest common divisor of p and 5?
5
Suppose -4*u - 155*o + 158*o + 3652 = 0, -5*o = 20. What is the highest common divisor of 105 and u?
35
Suppose 2*d - 16 = -2*d. Let b be 23 + -16 - (-5 - -1). Suppose -l + d*w - b = 0, -51 = -6*l + 2*l - 3*w. Calculate the highest common divisor of 1 and l.
1
Let m = 19 + -15. Let d = m + 1. Let k = 20 - 5. Calculate the greatest common factor of d and k.
5
Let z(i) = i**3 - 25*i**2 - 26*i + 32. Let y be z(26). Calculate the greatest common divisor of y and 208.
16
Let f = 134 + -69. Suppose -2*q + 65 = 3*q. Calculate the greatest common factor of f and q.
13
Let b(t) = -31*t - 49. Let y be b(-3). What is the greatest common divisor of y and 14?
2
Let m(v) = 3*v**2 - 82*v + 63. Let c be m(27). Calculate the greatest common divisor of 36 and c.
36
Let c(v) = -v**2 - v + 13. Let a be c(0). Suppose 11*k + 396 = a*k. Calculate the highest common divisor of k and 18.
18
Let r = -403 + 519. Calculate the highest common factor of r and 928.
116
Let w(m) = 2*m + 13. Let g be w(-10). Let r = 12 + g. What is the highest common factor of r and 45?
5
Let b(x) = -3*x + 27. Let s be b(7). Suppose 0 = -s*d + 2*d + 44. Suppose -5*c = -2*c - 132. What is the highest common factor of d and c?
11
Let l = -26 + 52. Suppose -50*h + 7800 = 103*h - 33*h. Calculate the greatest common factor of h and l.
13
Suppose 3*w - r = -9 - 4, -w - 16 = 2*r. Let n be (16 + w)*6/5. Calculate the highest common divisor of 18 and n.
6
Let a(z) = 2*z**2 - 30*z + 126. Let w be a(5). Calculate the highest common divisor of 598 and w.
26
Suppose 6*t + 55 = -4*d + 257, 5*d = 5*t - 160. Calculate the greatest common factor of t and 55.
11
Let m = -291 + 307. Let s be 112/1 + 1 + -1. Calculate the greatest common factor of m and s.
16
Let p be 45/6 - 1/2. Let i be (5 + (-84)/p)/(1/(-5)). Calculate the greatest common divisor of i and 5.
5
Suppose m + 3*d - 144 = 0, -m - 2*d + 91 = -48. Let r = m + -69. What is the highest common divisor of 12 and r?
12
Let w be (2 + -1 + 8)/((-12)/(-252)). Calculate the greatest common factor of 7 and w.
7
Suppose 0 = -4*f - 1 + 9. Suppose 3 - 15 = -f*b. Calculate the greatest common factor of b and 48.
6
Let o(d) = d**2 - 14*d. Let a be o(18). Suppose -2*k + 0*k = -12. Suppose -5*t - a = -k*t. What is the highest common divisor of 8 and t?
8
Let u be 1/3 - (-16)/6 - -96. Suppose 0 = -4*p + 397 + u. Calculate the highest common factor of 31 and p.
31
Suppose 2*g - 108 = -2*q, -7*q + 3*q + 42 = g. What is the greatest common factor of g and 754?
58
Let c(b) = 15*b**2 + 83*b - 3. Let n be c(-6). What is the highest common divisor of n and 6?
3
Suppose -a = -5*a + 96. Suppose 3*y - 188 = -2*w, 2*y - w + 2*w = 124. Calculate the greatest common divisor of y and a.
12
Suppose 4*z = -2*p + 132, 4*p - 3*z + 0*z = 253. Let v be (-9 + 13 - 9/3)*16. What is the greatest common factor of v and p?
16
Let b(u) = -38*u - 85. Let m be b(-3). What is the greatest common divisor of m and 145?
29
Let i(x) = -94*x**2 - 4*x - 3. Let s be i(-1). Let g = 95 + s. Calculate the greatest common factor of 22 and g.
2
Suppose -4*q - 44 = -3*m + 2*m, q + 3 = 0. Let f = -3 + m. Let u = f + -5. What is the greatest common divisor of u and 120?
24
Let p be (-7378)/(-306) + (-1)/9. What is the highest common factor of 42 and p?
6
Suppose 20*t - 2*t + 1098 = 0. Let v = t + 66. What is the greatest common factor of v and 80?
5
Suppose 5*k = 3*u + 40, -6*k = -8*k + 2*u + 16. Let r(p) = 13*p**2 + 2*p. Let q be r(2). What is the greatest common factor of q and k?
8
Suppose -3*a = a - 224. Let i = -33 + a. Suppose 2*y - 257 - 111 = 0. Calculate the highest common factor of i and y.
23
Let g(k) = k**3 - 31*k**2 + 8*k + 85. Let x be g(31). Calculate the greatest common factor of 36 and x.
9
Suppose 90 = -2*x + 7*x. Let k be (1 - -99)/2*9/x. Calculate the greatest common divisor of 125 and k.
25
Suppose 0 = -5*v + 5*l, 0*v - v + 4*l = 9. Let d be 310/6 - (22/6 + -3). Calculate the highest common factor of d and v.
3
Suppose -4*f - 4*q = -2880, 720 = 5*f - 4*f + 4*q. Calculate the highest common divisor of 36 and f.
36
Let f(j) = j**2 - 2*j - 1. Let i be f(-4). Let y(d) = 39*d - 807. Let n be y(26). Calculate the greatest common divisor of i and n.
23
Let h(n) = n**3 + 15*n**2 - 15*n + 24. Let k = -42 - -26. Let w be h(k). Calculate the highest common divisor of w and 28.
4
Let o(q) = -6 + 0 - 11 + 6 - 2*q**2 - 59*q. Let n be o(-29). What is the highest common divisor of n and 24?
6
Let n be 250 - 368/(-322)*(-7)/1. What is the greatest common factor of 198 and n?
22
Let g(r) = -r**3 - 17*r**2 + 13*r - 6. Let p be g(-18). Let q = p + -57. Calculate the highest common divisor of 3 and q.
3
Let f = -5 - -20. Suppose -40 + f = -5*z. Suppose 190 = z*u + 10. Calculate the highest common divisor of u and 54.
18
Let x(r) = 2*r + 18. Let y(t) = -8*t**2 - 2*t - 2. Let z be -2*-1*2/(-4). Let b be y(z). Let k be x(b). Calculate the greatest common factor of k and 16.
2
Let i(q) = 5*q - 14. Let g = -5 - -11. Let h be i(g). Suppose 8*a - 3*a - 320 = 0. What is the greatest common divisor of h and a?
16
Let x be (-136)/(-10) + (-36)/(-90). Calculate the highest common factor of x and 98.
14
Let b = -36 + 38. Let k be 1/2*(6 - 0). Suppose 0 = 2*i - k*h - 93, h + 136 = i + b*i. Calculate the greatest common factor of 9 and i.
9
Let z(u) = -u**3 - 7*u**2 - 19*u + 35. Let n be z(-13). Calculate the highest common divisor of n and 16.
16
Let g = -31 - -34. Let p be 26/g - 6/(-18). What is the greatest common divisor of p and 18?
9
Let w(g) = 10*g**2 + 20*g - 48. Let m be w(6). Calculate the highest common divisor of 24 and m.
24
Let j = 459 + -306. Let m = 26 - 14. Let f be (-37 - m/(-4))/(-2). What is the highest common divisor of j and f?
17
Let y(r) = -r**3 - r**2 + 35*r + 17. Let x be y(5). What is the greatest commo